factor of 975630 and 18?
6
What is the greatest common factor of 1067538 and 18?
6
Calculate the greatest common factor of 1033641 and 6065121.
5469
What is the greatest common factor of 1440 and 51701170?
10
Calculate the highest common factor of 288 and 1121112.
72
What is the highest common factor of 5917 and 527979827?
5917
What is the greatest common divisor of 1281 and 2751?
21
Calculate the highest common divisor of 171 and 17743701.
57
Calculate the greatest common factor of 3695 and 195483975.
3695
What is the greatest common factor of 137984 and 3528294?
1078
Calculate the greatest common divisor of 758388 and 20.
4
Calculate the highest common factor of 3182 and 6077.
1
Calculate the greatest common divisor of 6363793 and 42537.
1289
Calculate the greatest common divisor of 9645328 and 4312.
616
Calculate the highest common divisor of 28686029 and 264005.
7543
What is the highest common factor of 13 and 4054126687?
13
Calculate the greatest common factor of 290 and 103568396.
58
Calculate the greatest common factor of 3945949 and 28.
7
Calculate the greatest common divisor of 4384 and 24897832.
1096
Calculate the greatest common divisor of 38249815 and 5580.
155
What is the greatest common factor of 221270 and 39785?
545
Calculate the greatest common factor of 5382828 and 77814.
594
What is the highest common factor of 2858859 and 279?
9
Calculate the highest common divisor of 66253497 and 516.
129
What is the highest common factor of 510916 and 4883?
257
What is the highest common factor of 198 and 1837757592?
198
Calculate the highest common factor of 800 and 78999950.
50
Calculate the highest common divisor of 1962514 and 8457738.
9962
Calculate the highest common factor of 53148 and 798080.
172
Calculate the highest common divisor of 8820 and 696090.
30
Calculate the greatest common divisor of 18 and 255740454.
18
What is the highest common divisor of 579781410 and 82?
82
What is the greatest common divisor of 22797 and 67383?
9
What is the greatest common factor of 2407990 and 104?
26
What is the highest common factor of 512 and 13788352?
64
What is the greatest common factor of 620565 and 89166?
33
What is the greatest common divisor of 1638 and 238122?
18
Calculate the highest common factor of 417123 and 56322.
189
Calculate the greatest common factor of 11859575 and 24570.
455
What is the highest common factor of 2101 and 631466?
11
What is the highest common divisor of 2309832 and 118944?
504
What is the greatest common divisor of 2776191 and 187?
11
What is the highest common factor of 106 and 10144942?
106
Calculate the highest common factor of 335360336 and 2432.
304
Calculate the highest common factor of 25186437 and 153819.
5697
Calculate the greatest common factor of 85441385 and 701.
701
Calculate the highest common factor of 697398 and 81.
3
Calculate the highest common divisor of 15633 and 256032063.
5211
What is the greatest common divisor of 130879971 and 6?
3
What is the highest common factor of 18 and 234199062?
18
Calculate the greatest common factor of 13216801 and 905.
181
Calculate the highest common factor of 1352349 and 6291.
27
What is the greatest common factor of 45290376 and 8892?
684
Calculate the greatest common factor of 55304 and 34762132.
892
What is the greatest common divisor of 369618 and 3642?
6
What is the highest common factor of 975 and 7269925?
325
What is the greatest common factor of 23660 and 32500?
260
Calculate the greatest common divisor of 505090600 and 560.
280
Calculate the greatest common divisor of 1539 and 836433.
27
Calculate the greatest common divisor of 21493878 and 420.
42
What is the greatest common factor of 40 and 1096380?
20
Calculate the highest common factor of 3451 and 7633255.
119
Calculate the greatest common divisor of 837408 and 253638.
4026
Calculate the greatest common factor of 4769 and 11425.
1
Calculate the highest common divisor of 1023797 and 271610.
157
What is the highest common divisor of 222592 and 99123?
1739
Calculate the greatest common divisor of 3865442 and 215.
43
Calculate the highest common factor of 468732 and 42241.
53
What is the greatest common factor of 137738267 and 1445?
289
Calculate the highest common factor of 1896408 and 72.
72
Calculate the highest common divisor of 35898486 and 1482.
1482
Calculate the highest common factor of 2240 and 773192560.
560
What is the greatest common factor of 581274 and 2249244?
774
What is the highest common divisor of 88983412 and 92414?
2254
Calculate the greatest common divisor of 450 and 504510.
30
Calculate the greatest common divisor of 393041 and 47322.
11
Calculate the greatest common factor of 21641 and 393353650.
1139
Calculate the highest common divisor of 1246 and 7794353.
623
What is the highest common factor of 2 and 66242126?
2
What is the highest common factor of 1 and 280408879?
1
Calculate the greatest common divisor of 838 and 42060477.
419
What is the greatest common divisor of 9670446 and 126?
18
What is the greatest common factor of 5337012 and 3818?
46
What is the greatest common factor of 293161 and 6293?
29
What is the highest common factor of 58872 and 24456?
24
What is the highest common divisor of 29252940 and 150?
30
What is the greatest common divisor of 852 and 936?
12
Calculate the highest common factor of 16898 and 310114.
238
Calculate the highest common divisor of 71001631 and 893.
47
What is the highest common factor of 18 and 153480?
6
What is the highest common factor of 2397381 and 21?
21
Calculate the greatest common divisor of 186 and 13558098.
186
Calculate the greatest common divisor of 53 and 30538918.
53
What is the highest common factor of 3280 and 90280360?
1640
What is the highest common divisor of 196076650 and 210?
70
What is the greatest common divisor of 2447497 and 1688167?
767
What is the highest common factor of 144212830 and 10?
10
What is the highest common factor of 225748 and 176?
4
What is the greatest common factor of 515446 and 7946?
58
Calculate the highest common factor of 9563 and 6943.
131
What is the highest common factor of 574 and 54152308?
574
What is the highest common divisor of 102 and 1949958?
6
What is the highest common divisor of 388386 and 6894?
18
What is the greatest common divisor of 1065 and 1636770?
15
Calculate the highest common divisor of 379 and 45873402.
379
What is the greatest common divisor of 48 and 105421936?
16
Calculate the highest common factor of 5850600 and 1200.
600
What is the highest common factor of 306920 and 2060?
20
Calculate the greatest common factor of 566907482 and 382.
382
Calculate the greatest common divisor of 1775 and 10056975.
25
What is the highest common divisor of 7517802 and 72?
6
What is the highest common factor of 3266823 and 906003?
1533
Calculate the greatest common factor of 18304 and 3130688.
704
What is the greatest common divisor of 26821298 and 1927?
41
What is the highest common divisor of 3282815 and 137753?
1789
Calculate the highest common factor of 3997 and 19019.
7
Calculate the highest common factor of 528627 and 1059.
3
Calculate the greatest common divisor of 1640 and 1349392.
328
Calculate the highest common factor of 42065 and 9614985.
895
What is the greatest common divisor of 30550 and 125161?
47
Calculate the greatest common factor of 3762 and 3774122.
418
What is the greatest common factor of 46 and 1585419923?
23
Calculate the highest common divisor of 171 and 166074687.
171
Calculate the highest common factor of 48590 and 102770.
430
Calculate the highest common factor of 4284 and 1865376.
612
Calculate the highest common factor of 16420910 and 2870.
410
What is the highest common factor of 814159 and 22843?
431
Calculate the highest common divisor of 115510771 and 43.
43
What is the highest common factor of 38968515 and 9540?
2385
What is the greatest common factor of 15313650 and 880?
110
What is the greatest common factor of 296775453 and 78?
39
What is the highest common factor of 2829849461 and 17?
17
What is the highest common factor of 104 and 110757374?
26
Calculate the highest common divisor of 18313438 and 429.
143
Calculate the highest common divisor of 56013 and 81750.
3
What is the greatest common factor of 53031 and 557403?
33
What is the